{"id":1307,"date":"2023-09-24T22:29:42","date_gmt":"2023-09-24T20:29:42","guid":{"rendered":"http:\/\/juliette-cortese.fr\/?page_id=1307"},"modified":"2023-09-24T22:49:32","modified_gmt":"2023-09-24T20:49:32","slug":"91eme-parallele","status":"publish","type":"page","link":"https:\/\/juliette-cortese.fr\/index.php\/91eme-parallele\/","title":{"rendered":"91\u00c8ME PARALL\u00c8LE ?"},"content":{"rendered":"\n<figure class=\"wp-block-image alignleft size-full is-resized\"><img loading=\"lazy\" decoding=\"async\" src=\"https:\/\/juliette-cortese.fr\/wp-content\/uploads\/2023\/09\/Screenshot-2023-09-24-at-22-46-12-Juliette-Cortese-@juliettecortese-\u2022-Photos-et-videos-Instagram.png\" alt=\"\" class=\"wp-image-1319\" style=\"width:496px;height:570px\" width=\"496\" height=\"570\" srcset=\"https:\/\/juliette-cortese.fr\/wp-content\/uploads\/2023\/09\/Screenshot-2023-09-24-at-22-46-12-Juliette-Cortese-@juliettecortese-\u2022-Photos-et-videos-Instagram.png 764w, https:\/\/juliette-cortese.fr\/wp-content\/uploads\/2023\/09\/Screenshot-2023-09-24-at-22-46-12-Juliette-Cortese-@juliettecortese-\u2022-Photos-et-videos-Instagram-261x300.png 261w\" sizes=\"auto, (max-width: 496px) 100vw, 496px\" \/><\/figure>\n\n\n\n<p>Du 17 mai 2022 au 17 mai 2023, j&rsquo;ai publi\u00e9 (tous les jours ou presque) un \u00e9ph\u00e9m\u00e9ride photo+phrase sur Instagram et Facebook.<\/p>\n\n\n\n<p>Depuis le 18 mai 2023, j&rsquo;\u00e9cris (tous les jours ou presque) un texte \u00e0 partir de la phrase publi\u00e9e le m\u00eame jour de l&rsquo;ann\u00e9e pr\u00e9c\u00e9dente. Les textes et les images (celles prises le m\u00eame jour de l&rsquo;ann\u00e9e pr\u00e9c\u00e9dente) paraissent sur le site juliette-cortese.fr. La phrase originale, qui a servi de lanceur d&rsquo;\u00e9criture pour le texte de l&rsquo;ann\u00e9e nouvelle, est int\u00e9gr\u00e9e dans le texte publi\u00e9 sur le site.<\/p>\n\n\n\n<p>Ensemble, ils composent une fiction po\u00e9tique, impr\u00e9visible, \u00e9crite au jour le jour, qui prendra les chemins qu&rsquo;elle veut bien prendre.<\/p>\n\n\n\n<p>Exp\u00e9rience al\u00e9atoire, entre rumination quotidienne et d\u00e9placement de soi-m\u00eame \u00e0 un autre fictionnel, un brouillon \u00e0 ciel ouvert. <\/p>\n\n\n\n<p>Nous verrons bien o\u00f9 \u00e7a nous m\u00e8ne.<\/p>\n\n\n\n<p><\/p>\n","protected":false},"excerpt":{"rendered":"<p>Du 17 mai 2022 au 17 mai 2023, j&rsquo;ai publi\u00e9 (tous les jours ou presque) un \u00e9ph\u00e9m\u00e9ride photo+phrase sur Instagram et Facebook. Depuis le 18 mai 2023, j&rsquo;\u00e9cris (tous les jours ou presque) un texte \u00e0 partir de la phrase publi\u00e9e le m\u00eame jour de l&rsquo;ann\u00e9e pr\u00e9c\u00e9dente. Les textes et les images (celles prises le [&hellip;]<\/p>\n","protected":false},"author":2,"featured_media":0,"parent":0,"menu_order":0,"comment_status":"closed","ping_status":"closed","template":"","meta":{"footnotes":""},"class_list":["post-1307","page","type-page","status-publish","hentry"],"_links":{"self":[{"href":"https:\/\/juliette-cortese.fr\/index.php\/wp-json\/wp\/v2\/pages\/1307","targetHints":{"allow":["GET"]}}],"collection":[{"href":"https:\/\/juliette-cortese.fr\/index.php\/wp-json\/wp\/v2\/pages"}],"about":[{"href":"https:\/\/juliette-cortese.fr\/index.php\/wp-json\/wp\/v2\/types\/page"}],"author":[{"embeddable":true,"href":"https:\/\/juliette-cortese.fr\/index.php\/wp-json\/wp\/v2\/users\/2"}],"replies":[{"embeddable":true,"href":"https:\/\/juliette-cortese.fr\/index.php\/wp-json\/wp\/v2\/comments?post=1307"}],"version-history":[{"count":9,"href":"https:\/\/juliette-cortese.fr\/index.php\/wp-json\/wp\/v2\/pages\/1307\/revisions"}],"predecessor-version":[{"id":1324,"href":"https:\/\/juliette-cortese.fr\/index.php\/wp-json\/wp\/v2\/pages\/1307\/revisions\/1324"}],"wp:attachment":[{"href":"https:\/\/juliette-cortese.fr\/index.php\/wp-json\/wp\/v2\/media?parent=1307"}],"curies":[{"name":"wp","href":"https:\/\/api.w.org\/{rel}","templated":true}]}}